{"id":11,"date":"2014-10-21T14:21:35","date_gmt":"2014-10-21T14:21:35","guid":{"rendered":"http:\/\/www.krankengymnastik.com\/wordpress\/?page_id=11"},"modified":"2026-03-20T14:25:07","modified_gmt":"2026-03-20T14:25:07","slug":"aktuelles","status":"publish","type":"page","link":"https:\/\/www.krankengymnastik.com\/?page_id=11","title":{"rendered":"Aktuelles"},"content":{"rendered":"<div style=\"padding-left: 26px; margin-top: -20px;\">\n<h2>AKTUELLES<\/h2>\n<div style=\"padding-left: 26px;\">\n<div class=\"subtitle\">Kurse<\/div>\n<div class=\"indent2\">\n<ul>\n<li>Wirbels\u00e4ulengymnastik<\/li>\n<li>Seniorengymnastik<\/li>\n<\/ul>\n<\/div>\n<div class=\"subtitle\">Physiobalance<\/div>\n<div class=\"indent2\">\n<ul>\n<li>Im Fr\u00fchling 2008 haben wir die Wellnessmarke \u201ePhysiobalance\u201c vom IFK erhalten.<\/li>\n<\/ul>\n<\/div>\n<\/div>\n<p><br class=\"none\" \/><br class=\"none\" \/><\/p>\n<div id=\"front-footer\">\n<div style=\"clear: both;\"><\/div>\n<h5 style=\"text-align: center;\">Praxis f\u00fcr Physiotherapie Hundt :: F\u00fcrther Stra\u00dfe 37 :: 91058 Erlangen :: 09131-64438<\/h5>\n<p><a href=\"http:\/\/www.krankengymnastik.com\/wp-content\/uploads\/2014\/10\/zertifizierung_tn1.jpg\"><img loading=\"lazy\" decoding=\"async\" class=\"alignnone size-full wp-image-106\" src=\"http:\/\/www.krankengymnastik.com\/wp-content\/uploads\/2014\/10\/zertifizierung_tn1.jpg\" alt=\"zertifizierung_tn\" width=\"100\" height=\"76\" \/><\/a><\/p>\n<\/div>\n<p>&nbsp;<\/p>\n<\/div>\n","protected":false},"excerpt":{"rendered":"<p>AKTUELLES Kurse Wirbels\u00e4ulengymnastik Seniorengymnastik Physiobalance Im Fr\u00fchling 2008 haben wir die Wellnessmarke \u201ePhysiobalance\u201c vom IFK erhalten. Praxis f\u00fcr Physiotherapie Hundt :: F\u00fcrther Stra\u00dfe 37 :: 91058 Erlangen :: 09131-64438 &nbsp;<\/p>\n","protected":false},"author":1,"featured_media":0,"parent":0,"menu_order":0,"comment_status":"closed","ping_status":"closed","template":"","meta":{"footnotes":""},"class_list":["post-11","page","type-page","status-publish","hentry"],"yoast_head":"<!-- This site is optimized with the Yoast SEO plugin v27.2 - https:\/\/yoast.com\/product\/yoast-seo-wordpress\/ -->\n<title>Aktuelles - Physiotherapie Hundt<\/title>\n<meta name=\"robots\" content=\"index, follow, max-snippet:-1, max-image-preview:large, max-video-preview:-1\" \/>\n<link rel=\"canonical\" href=\"http:\/\/www.krankengymnastik.com\/?page_id=11\" \/>\n<meta property=\"og:locale\" content=\"en_US\" \/>\n<meta property=\"og:type\" content=\"article\" \/>\n<meta property=\"og:title\" content=\"Aktuelles - Physiotherapie Hundt\" \/>\n<meta property=\"og:description\" content=\"AKTUELLES Kurse Wirbels\u00e4ulengymnastik Seniorengymnastik Physiobalance Im Fr\u00fchling 2008 haben wir die Wellnessmarke \u201ePhysiobalance\u201c vom IFK erhalten. Praxis f\u00fcr Physiotherapie Hundt :: F\u00fcrther Stra\u00dfe 37 :: 91058 Erlangen :: 09131-64438 &nbsp;\" \/>\n<meta property=\"og:url\" content=\"http:\/\/www.krankengymnastik.com\/?page_id=11\" \/>\n<meta property=\"og:site_name\" content=\"Physiotherapie Hundt\" \/>\n<meta property=\"article:modified_time\" content=\"2026-03-20T14:25:07+00:00\" \/>\n<meta property=\"og:image\" content=\"http:\/\/www.krankengymnastik.com\/wp-content\/uploads\/2014\/10\/zertifizierung_tn1.jpg\" \/>\n<meta name=\"twitter:card\" content=\"summary_large_image\" \/>\n<script type=\"application\/ld+json\" class=\"yoast-schema-graph\">{\"@context\":\"https:\/\/schema.org\",\"@graph\":[{\"@type\":\"WebPage\",\"@id\":\"http:\/\/www.krankengymnastik.com\/?page_id=11\",\"url\":\"http:\/\/www.krankengymnastik.com\/?page_id=11\",\"name\":\"Aktuelles - Physiotherapie Hundt\",\"isPartOf\":{\"@id\":\"http:\/\/www.krankengymnastik.com\/#website\"},\"primaryImageOfPage\":{\"@id\":\"http:\/\/www.krankengymnastik.com\/?page_id=11#primaryimage\"},\"image\":{\"@id\":\"http:\/\/www.krankengymnastik.com\/?page_id=11#primaryimage\"},\"thumbnailUrl\":\"http:\/\/www.krankengymnastik.com\/wp-content\/uploads\/2014\/10\/zertifizierung_tn1.jpg\",\"datePublished\":\"2014-10-21T14:21:35+00:00\",\"dateModified\":\"2026-03-20T14:25:07+00:00\",\"breadcrumb\":{\"@id\":\"http:\/\/www.krankengymnastik.com\/?page_id=11#breadcrumb\"},\"inLanguage\":\"en-US\",\"potentialAction\":[{\"@type\":\"ReadAction\",\"target\":[\"http:\/\/www.krankengymnastik.com\/?page_id=11\"]}]},{\"@type\":\"ImageObject\",\"inLanguage\":\"en-US\",\"@id\":\"http:\/\/www.krankengymnastik.com\/?page_id=11#primaryimage\",\"url\":\"http:\/\/www.krankengymnastik.com\/wp-content\/uploads\/2014\/10\/zertifizierung_tn1.jpg\",\"contentUrl\":\"http:\/\/www.krankengymnastik.com\/wp-content\/uploads\/2014\/10\/zertifizierung_tn1.jpg\"},{\"@type\":\"BreadcrumbList\",\"@id\":\"http:\/\/www.krankengymnastik.com\/?page_id=11#breadcrumb\",\"itemListElement\":[{\"@type\":\"ListItem\",\"position\":1,\"name\":\"Home\",\"item\":\"http:\/\/www.krankengymnastik.com\/\"},{\"@type\":\"ListItem\",\"position\":2,\"name\":\"Aktuelles\"}]},{\"@type\":\"WebSite\",\"@id\":\"http:\/\/www.krankengymnastik.com\/#website\",\"url\":\"http:\/\/www.krankengymnastik.com\/\",\"name\":\"Physiotherapie Hundt\",\"description\":\"Sei ein Fuchs, komm zu Hundt f\u00fcr manuelle Therapie, Krankengymnastik, Massage, Bobath, Triggerpunktbehandlung, Kiefergelenkbehandlung. Fon: 09131\/64438\",\"publisher\":{\"@id\":\"http:\/\/www.krankengymnastik.com\/#organization\"},\"potentialAction\":[{\"@type\":\"SearchAction\",\"target\":{\"@type\":\"EntryPoint\",\"urlTemplate\":\"http:\/\/www.krankengymnastik.com\/?s={search_term_string}\"},\"query-input\":{\"@type\":\"PropertyValueSpecification\",\"valueRequired\":true,\"valueName\":\"search_term_string\"}}],\"inLanguage\":\"en-US\"},{\"@type\":\"Organization\",\"@id\":\"http:\/\/www.krankengymnastik.com\/#organization\",\"name\":\"Praxis f\u00fcr Physiotherapie Hundt\",\"url\":\"http:\/\/www.krankengymnastik.com\/\",\"logo\":{\"@type\":\"ImageObject\",\"inLanguage\":\"en-US\",\"@id\":\"http:\/\/www.krankengymnastik.com\/#\/schema\/logo\/image\/\",\"url\":\"https:\/\/www.krankengymnastik.com\/wp-content\/uploads\/2026\/03\/praxis-hundt-logo.png\",\"contentUrl\":\"https:\/\/www.krankengymnastik.com\/wp-content\/uploads\/2026\/03\/praxis-hundt-logo.png\",\"width\":462,\"height\":235,\"caption\":\"Praxis f\u00fcr Physiotherapie Hundt\"},\"image\":{\"@id\":\"http:\/\/www.krankengymnastik.com\/#\/schema\/logo\/image\/\"}}]}<\/script>\n<!-- \/ Yoast SEO plugin. -->","yoast_head_json":{"title":"Aktuelles - Physiotherapie Hundt","robots":{"index":"index","follow":"follow","max-snippet":"max-snippet:-1","max-image-preview":"max-image-preview:large","max-video-preview":"max-video-preview:-1"},"canonical":"http:\/\/www.krankengymnastik.com\/?page_id=11","og_locale":"en_US","og_type":"article","og_title":"Aktuelles - Physiotherapie Hundt","og_description":"AKTUELLES Kurse Wirbels\u00e4ulengymnastik Seniorengymnastik Physiobalance Im Fr\u00fchling 2008 haben wir die Wellnessmarke \u201ePhysiobalance\u201c vom IFK erhalten. Praxis f\u00fcr Physiotherapie Hundt :: F\u00fcrther Stra\u00dfe 37 :: 91058 Erlangen :: 09131-64438 &nbsp;","og_url":"http:\/\/www.krankengymnastik.com\/?page_id=11","og_site_name":"Physiotherapie Hundt","article_modified_time":"2026-03-20T14:25:07+00:00","og_image":[{"url":"http:\/\/www.krankengymnastik.com\/wp-content\/uploads\/2014\/10\/zertifizierung_tn1.jpg","type":"","width":"","height":""}],"twitter_card":"summary_large_image","schema":{"@context":"https:\/\/schema.org","@graph":[{"@type":"WebPage","@id":"http:\/\/www.krankengymnastik.com\/?page_id=11","url":"http:\/\/www.krankengymnastik.com\/?page_id=11","name":"Aktuelles - Physiotherapie Hundt","isPartOf":{"@id":"http:\/\/www.krankengymnastik.com\/#website"},"primaryImageOfPage":{"@id":"http:\/\/www.krankengymnastik.com\/?page_id=11#primaryimage"},"image":{"@id":"http:\/\/www.krankengymnastik.com\/?page_id=11#primaryimage"},"thumbnailUrl":"http:\/\/www.krankengymnastik.com\/wp-content\/uploads\/2014\/10\/zertifizierung_tn1.jpg","datePublished":"2014-10-21T14:21:35+00:00","dateModified":"2026-03-20T14:25:07+00:00","breadcrumb":{"@id":"http:\/\/www.krankengymnastik.com\/?page_id=11#breadcrumb"},"inLanguage":"en-US","potentialAction":[{"@type":"ReadAction","target":["http:\/\/www.krankengymnastik.com\/?page_id=11"]}]},{"@type":"ImageObject","inLanguage":"en-US","@id":"http:\/\/www.krankengymnastik.com\/?page_id=11#primaryimage","url":"http:\/\/www.krankengymnastik.com\/wp-content\/uploads\/2014\/10\/zertifizierung_tn1.jpg","contentUrl":"http:\/\/www.krankengymnastik.com\/wp-content\/uploads\/2014\/10\/zertifizierung_tn1.jpg"},{"@type":"BreadcrumbList","@id":"http:\/\/www.krankengymnastik.com\/?page_id=11#breadcrumb","itemListElement":[{"@type":"ListItem","position":1,"name":"Home","item":"http:\/\/www.krankengymnastik.com\/"},{"@type":"ListItem","position":2,"name":"Aktuelles"}]},{"@type":"WebSite","@id":"http:\/\/www.krankengymnastik.com\/#website","url":"http:\/\/www.krankengymnastik.com\/","name":"Physiotherapie Hundt","description":"Sei ein Fuchs, komm zu Hundt f\u00fcr manuelle Therapie, Krankengymnastik, Massage, Bobath, Triggerpunktbehandlung, Kiefergelenkbehandlung. Fon: 09131\/64438","publisher":{"@id":"http:\/\/www.krankengymnastik.com\/#organization"},"potentialAction":[{"@type":"SearchAction","target":{"@type":"EntryPoint","urlTemplate":"http:\/\/www.krankengymnastik.com\/?s={search_term_string}"},"query-input":{"@type":"PropertyValueSpecification","valueRequired":true,"valueName":"search_term_string"}}],"inLanguage":"en-US"},{"@type":"Organization","@id":"http:\/\/www.krankengymnastik.com\/#organization","name":"Praxis f\u00fcr Physiotherapie Hundt","url":"http:\/\/www.krankengymnastik.com\/","logo":{"@type":"ImageObject","inLanguage":"en-US","@id":"http:\/\/www.krankengymnastik.com\/#\/schema\/logo\/image\/","url":"https:\/\/www.krankengymnastik.com\/wp-content\/uploads\/2026\/03\/praxis-hundt-logo.png","contentUrl":"https:\/\/www.krankengymnastik.com\/wp-content\/uploads\/2026\/03\/praxis-hundt-logo.png","width":462,"height":235,"caption":"Praxis f\u00fcr Physiotherapie Hundt"},"image":{"@id":"http:\/\/www.krankengymnastik.com\/#\/schema\/logo\/image\/"}}]}},"_links":{"self":[{"href":"https:\/\/www.krankengymnastik.com\/index.php?rest_route=\/wp\/v2\/pages\/11","targetHints":{"allow":["GET"]}}],"collection":[{"href":"https:\/\/www.krankengymnastik.com\/index.php?rest_route=\/wp\/v2\/pages"}],"about":[{"href":"https:\/\/www.krankengymnastik.com\/index.php?rest_route=\/wp\/v2\/types\/page"}],"author":[{"embeddable":true,"href":"https:\/\/www.krankengymnastik.com\/index.php?rest_route=\/wp\/v2\/users\/1"}],"replies":[{"embeddable":true,"href":"https:\/\/www.krankengymnastik.com\/index.php?rest_route=%2Fwp%2Fv2%2Fcomments&post=11"}],"version-history":[{"count":53,"href":"https:\/\/www.krankengymnastik.com\/index.php?rest_route=\/wp\/v2\/pages\/11\/revisions"}],"predecessor-version":[{"id":490,"href":"https:\/\/www.krankengymnastik.com\/index.php?rest_route=\/wp\/v2\/pages\/11\/revisions\/490"}],"wp:attachment":[{"href":"https:\/\/www.krankengymnastik.com\/index.php?rest_route=%2Fwp%2Fv2%2Fmedia&parent=11"}],"curies":[{"name":"wp","href":"https:\/\/api.w.org\/{rel}","templated":true}]}}